t is the greatest common divisor of 242 and d?
22
Suppose -5*g - 15 = 2*w, -5*w = 4*g + 21 - 9. Suppose -5*b + 731 + 94 = w. Let x be (-60)/2*3/(-6). Calculate the highest common factor of b and x.
15
Let n be 1 + 0 + 0 - -4. Let w(l) = -52*l - 359. Let i be w(-7). What is the greatest common factor of i and n?
5
Let c be 2*1 + 6/3. Suppose -c*a = -a - 6. What is the greatest common divisor of 8 and a?
2
Suppose 3*d = -3*y + 7*y - 13, -2*y = 3*d - 11. Let v = 4 + d. Suppose v*u + 3*i = 4, 4 = 3*u + 2*i - i. What is the highest common factor of u and 6?
2
Let v(s) = s**3 - 5*s**2 - 6. Let y be v(5). Let m be (4/(-6))/(1/y). Let i be ((-10)/3)/((-2)/6). Calculate the greatest common factor of m and i.
2
Suppose -4*l + 4*w + 0*w = -132, -5*l + 153 = -w. Let o(c) = 4*c**2 + 5*c. Let j be o(-5). Calculate the greatest common divisor of l and j.
15
Suppose 0 = 3*h + 3*t + 12, 0 = -0*t - 3*t. Let d be 56/3 - h/3. Calculate the greatest common factor of 8 and d.
4
Let n(d) = -d + 5. Let q be n(0). Calculate the highest common divisor of q and 2.
1
Let n be 5 + 9/(-3) + 1. Let p be (3 + -2)*(n + 0). Suppose g = -4*z + 12 + 24, -z - p*g = -20. What is the greatest common factor of z and 8?
8
Suppose 190 = 4*q - 386. What is the highest common factor of 16 and q?
16
Suppose -3 = -p - 2, 4*w + 5*p = 197. Calculate the highest common divisor of w and 32.
16
Let x = 10 - -28. Let j = -19 + x. Suppose -4*d - 3*l + 0 = -16, j = d - 3*l. What is the highest common divisor of d and 28?
7
Suppose 2*g - 6 - 18 = 0. What is the highest common divisor of 84 and g?
12
Let i = 174 - 132. What is the greatest common divisor of i and 147?
21
Suppose 25 = -4*s + 85. Let t be (-4)/(-8)*(211 - 1). What is the greatest common divisor of s and t?
15
Suppose 0*g - 8 = -4*g + 2*k, -10 = -2*g + 4*k. Let t(j) = 25*j**2 - 2*j + 1. Let h be t(g). Calculate the highest common divisor of h and 36.
12
Suppose -60 = -2*c + 36. Suppose 2*w = m + 45, 4*w + 4*m - c = 24. Let z be 10/(-35) + (-23)/(-7). Calculate the greatest common factor of z and w.
3
Let n be (0 - -24) + 0 - -1. Suppose -70 = -2*f + 7*f. Let i = n + f. Calculate the highest common divisor of i and 1.
1
Let k = -20 + 31. Let s be 1/((-3)/((-12)/2)). Let w(o) = 51*o - 3. Let r be w(s). Calculate the highest common divisor of k and r.
11
Let z be (20120/(-28))/(-5) + (-2)/(-7). Calculate the greatest common factor of 16 and z.
16
Suppose 11*f = 7*f + 116. What is the greatest common factor of 232 and f?
29
Let d = 6 + -3. Suppose -2*l = 8, -4*h + d*l + 64 = -0*l. Suppose 0 = -n - 2*g + 111, -n + 127 = 5*g + 25. What is the highest common divisor of n and h?
13
Let z = 110 + -62. What is the greatest common divisor of 240 and z?
48
Let g = 33 + 13. What is the highest common factor of 115 and g?
23
Suppose 30 = 4*r - 30. Let d = 23 - r. What is the greatest common factor of d and 40?
8
Suppose -17 = -3*b + h + 44, 4*b + h - 72 = 0. Let w be (-4)/14 + 2398/14. Calculate the greatest common divisor of b and w.
19
Suppose 4*i + 8 = -8. Let g be i/8*(-11 + -1). Calculate the highest common divisor of g and 48.
6
Let z(k) = 2*k + 10. Let x be z(7). Suppose -2*t + 0 + x = 0. What is the highest common divisor of t and 4?
4
Let s = -5 - -14. Let r be -3 + -1*(-5 + 3). Let a be (-27*(0 + 3))/r. What is the highest common factor of s and a?
9
Suppose -z - 2*z = 3*w - 1560, -5*z = 3*w - 2600. Suppose a + z = 6*a. Calculate the highest common divisor of 13 and a.
13
Suppose -n - 2*b + 8 = -43, -3*b - 36 = -n. Calculate the greatest common divisor of 9 and n.
9
Suppose -128 - 103 = -r. What is the greatest common divisor of r and 21?
21
Suppose z - 4*w = 16, 2*z = 5*w - 7 + 36. Suppose -n = -10 - z. What is the greatest common factor of n and 242?
22
Let h(i) = i**3 + 5*i**2 - 5*i + 8. Let d be h(-6). Suppose 0 = -5*o + 21 + 4. What is the highest common divisor of d and o?
1
Suppose 2 = -c + 12. Let m(i) be the second derivative of 40*i**3/3 + 3*i. Let x be m(1). Calculate the highest common factor of c and x.
10
Suppose 5*s = o - 149, 0*o - 4*s = -5*o + 724. What is the greatest common factor of o and 18?
18
Let p(u) = -u**2 - 2*u + 1. Let m be p(-2). Calculate the greatest common factor of 3 and m.
1
Suppose -5*a = -3*x - 9, 4 = -3*a - x + 1. Let d = a + 4. Suppose 2*o + 4*j = 26 + 6, -59 = -d*o - 3*j. Calculate the highest common divisor of 2 and o.
2
Let j = 348 + -140. Suppose 6*d - 207 = -51. What is the greatest common divisor of j and d?
26
Suppose -3*j = 1 + 17. Let t(h) = -h**3 - 5*h**2 + h - 6. Let v be t(j). Calculate the greatest common factor of 3 and v.
3
Suppose -2*r = -4*r - 4*v + 38, 5*v = -2*r + 41. What is the highest common factor of 1 and r?
1
Suppose 3*c = -0*c - 3*w + 66, 0 = -3*c + 3*w + 42. Calculate the greatest common divisor of 27 and c.
9
Suppose -2*t + 4*z = 4, -3*t + 5*z - 19 = -4*t. Let l = 1 + 1. Let a = t - l. What is the highest common divisor of a and 10?
2
Let b(m) = -2*m**3 - 4*m**2 - 3*m - 3. Let w = 4 + -7. Let x be b(w). Let k = x + -5. What is the highest common factor of k and 76?
19
Let a = 28 + 124. What is the highest common divisor of a and 19?
19
Suppose 0*z - 96 = -6*z. Let m be 3/(-1 + (-115)/(-112)). What is the highest common divisor of m and z?
16
Let c(y) = y**2 - 5*y - 13. Let l be c(6). Let d(p) = -p**3 - 6*p**2 + 3*p + 7. Let t be d(l). What is the highest common factor of t and 280?
35
Let f = 8 - 10. Let r(u) = 15*u**2 - 2*u - 4. Let g be r(f). What is the highest common factor of g and 20?
20
Let g = 13 + -8. Suppose 0 = 2*t - 17 - 13. Suppose 5*k = t + 10. What is the greatest common factor of g and k?
5
Suppose 0 = 5*w + 4*d - 39, -2*w - 4*d = d - 2. Let p = 72 + 27. What is the highest common factor of w and p?
11
Suppose b - 19 = -3. Let k(z) = 14*z**3 - z**2 + 3*z - 2. Let l be k(2). What is the greatest common factor of b and l?
16
Suppose 0 = -5*r + 4*r + 18. Calculate the highest common factor of 162 and r.
18
Suppose -3*a - 45 = -2*w, 25 = w - 3*a + 2*a. Calculate the greatest common divisor of 10 and w.
10
Let t be 28/6 + (-2)/3. Let y(a) = 13*a + 4*a - t + 1. Let r be y(3). What is the greatest common factor of 32 and r?
16
Suppose -3*x - 57 = 3*l, 2*l + 2*l = -20. Let u be (-150)/x - (-6)/21. Calculate the highest common factor of 44 and u.
11
Suppose -2*d - 29 = -3*d. Calculate the greatest common factor of 203 and d.
29
Let q(x) = -x + 1. Let c be q(-9). Let f = -104 - -174. What is the highest common factor of c and f?
10
Let w be 4 + -5 - 3/3. Let s be (12/(-7))/(w/7). What is the greatest common factor of s and 18?
6
Let q(h) = -h**3 + 8*h**2 + h - 11. Let o be q(8). Let s be o/(-6) + (-15)/(-6). What is the highest common factor of 12 and s?
3
Let n be -2 + 17 - (-4 + 1). What is the greatest common divisor of 18 and n?
18
Let p(x) = -x**2 - 16*x - 7. Let n be p(-14). Calculate the greatest common divisor of 336 and n.
21
Let u(m) = -12*m - 1. Let f be u(-1). Let l be -2*3/2 + f. Suppose -v + 9 = d - 11, l = v + 4*d. Calculate the greatest common factor of v and 36.
12
Suppose 4*s + 2*f = 2*s + 16, 0 = 2*s + 5*f - 19. Calculate the highest common factor of s and 56.
7
Let n(l) = -l**3 + 5*l**2 + 4*l - 4. Let h be n(5). What is the greatest common factor of h and 160?
16
Suppose 8 = 4*d - 4*o, 2*d + 4*o = 3*o + 1. Let a = 1 + d. What is the greatest common divisor of a and 4?
2
Let v = -13 - -22. Suppose c - v = -2*c. Suppose 0*g + 3*n = -g + 30, -5*g = c*n - 150. Calculate the greatest common divisor of 12 and g.
6
Suppose 5*y = 4*n - n + 88, -4*n + 16 = 0. Calculate the highest common divisor of y and 80.
20
Let t be (-10 + -2)/(2/55*-1). What is the highest common divisor of 30 and t?
30
Let g = -7 - -7. Suppose 5*s = t + 23, -4*s - 16 = -g*s. Let a = t + 61. Calculate the greatest common divisor of 18 and a.
18
Suppose w + 54 = 2*w. Calculate the greatest common factor of w and 36.
18
Let v be 1/(-3) - (-1)/((-12)/(-2704)). Calculate the highest common factor of 90 and v.
45
Let p(y) = -y**2 - 2*y + 2. Let b be p(-2). Suppose 3*n + 4*q = 62, -4*n + b*n = -5*q - 3. What is the greatest common divisor of 42 and n?
14
Let n(g) = 15*g + 3. Let u(k) = k. Let c(i) = -n(i) + 6*u(i). Let v be c(-7). Suppose 4*y + y - v = 0. Calculate the greatest common f